{"id":160,"date":"2023-10-13T10:35:52","date_gmt":"2023-10-13T08:35:52","guid":{"rendered":"https:\/\/franchise.nbkfrance.fr\/?page_id=160"},"modified":"2023-10-13T13:00:34","modified_gmt":"2023-10-13T11:00:34","slug":"franchise","status":"publish","type":"page","link":"https:\/\/franchise.nbkfrance.fr\/index.php\/franchise\/","title":{"rendered":"Franchise"},"content":{"rendered":"\t\t<div data-elementor-type=\"wp-page\" data-elementor-id=\"160\" class=\"elementor elementor-160\">\n\t\t\t\t\t\t\t<div class=\"elementor-element elementor-element-f003908 e-flex e-con-boxed wpr-particle-no wpr-jarallax-no wpr-parallax-no wpr-sticky-section-no e-con e-parent\" data-id=\"f003908\" data-element_type=\"container\" data-settings=\"{&quot;content_width&quot;:&quot;boxed&quot;}\" data-core-v316-plus=\"true\">\n\t\t\t\t\t<div class=\"e-con-inner\">\n\t\t\t\t<div class=\"elementor-element elementor-element-7978f59 elementor-widget elementor-widget-text-editor\" data-id=\"7978f59\" data-element_type=\"widget\" data-widget_type=\"text-editor.default\">\n\t\t\t\t<div class=\"elementor-widget-container\">\n\t\t\t<style>\/*! elementor - v3.16.0 - 09-10-2023 *\/\n.elementor-widget-text-editor.elementor-drop-cap-view-stacked .elementor-drop-cap{background-color:#69727d;color:#fff}.elementor-widget-text-editor.elementor-drop-cap-view-framed .elementor-drop-cap{color:#69727d;border:3px solid;background-color:transparent}.elementor-widget-text-editor:not(.elementor-drop-cap-view-default) .elementor-drop-cap{margin-top:8px}.elementor-widget-text-editor:not(.elementor-drop-cap-view-default) .elementor-drop-cap-letter{width:1em;height:1em}.elementor-widget-text-editor .elementor-drop-cap{float:left;text-align:center;line-height:1;font-size:50px}.elementor-widget-text-editor .elementor-drop-cap-letter{display:inline-block}<\/style>\t\t\t\t<h1 style=\"text-align: center;\"><span style=\"color: #f2b407;\">Ensemble cr\u00e9ons la Naanerie\u00ae de demain !<\/span><\/h1>\t\t\t\t\t\t<\/div>\n\t\t\t\t<\/div>\n\t\t\t\t\t<\/div>\n\t\t\t\t<\/div>\n\t\t<div class=\"elementor-element elementor-element-9a0f6d8 e-flex e-con-boxed wpr-particle-no wpr-jarallax-no wpr-parallax-no wpr-sticky-section-no e-con e-parent\" data-id=\"9a0f6d8\" data-element_type=\"container\" data-settings=\"{&quot;content_width&quot;:&quot;boxed&quot;}\" data-core-v316-plus=\"true\">\n\t\t\t\t\t<div class=\"e-con-inner\">\n\t\t<div class=\"elementor-element elementor-element-e48c602 e-con-full e-flex wpr-particle-no wpr-jarallax-no wpr-parallax-no wpr-sticky-section-no e-con e-child\" data-id=\"e48c602\" data-element_type=\"container\" data-settings=\"{&quot;content_width&quot;:&quot;full&quot;}\">\n\t\t\t\t<div class=\"elementor-element elementor-element-020d28f elementor-widget elementor-widget-spacer\" data-id=\"020d28f\" data-element_type=\"widget\" data-widget_type=\"spacer.default\">\n\t\t\t\t<div class=\"elementor-widget-container\">\n\t\t\t<style>\/*! elementor - v3.16.0 - 09-10-2023 *\/\n.elementor-column .elementor-spacer-inner{height:var(--spacer-size)}.e-con{--container-widget-width:100%}.e-con-inner>.elementor-widget-spacer,.e-con>.elementor-widget-spacer{width:var(--container-widget-width,var(--spacer-size));--align-self:var(--container-widget-align-self,initial);--flex-shrink:0}.e-con-inner>.elementor-widget-spacer>.elementor-widget-container,.e-con>.elementor-widget-spacer>.elementor-widget-container{height:100%;width:100%}.e-con-inner>.elementor-widget-spacer>.elementor-widget-container>.elementor-spacer,.e-con>.elementor-widget-spacer>.elementor-widget-container>.elementor-spacer{height:100%}.e-con-inner>.elementor-widget-spacer>.elementor-widget-container>.elementor-spacer>.elementor-spacer-inner,.e-con>.elementor-widget-spacer>.elementor-widget-container>.elementor-spacer>.elementor-spacer-inner{height:var(--container-widget-height,var(--spacer-size))}.e-con-inner>.elementor-widget-spacer.elementor-widget-empty,.e-con>.elementor-widget-spacer.elementor-widget-empty{position:relative;min-height:22px;min-width:22px}.e-con-inner>.elementor-widget-spacer.elementor-widget-empty .elementor-widget-empty-icon,.e-con>.elementor-widget-spacer.elementor-widget-empty .elementor-widget-empty-icon{position:absolute;top:0;bottom:0;left:0;right:0;margin:auto;padding:0;width:22px;height:22px}<\/style>\t\t<div class=\"elementor-spacer\">\n\t\t\t<div class=\"elementor-spacer-inner\"><\/div>\n\t\t<\/div>\n\t\t\t\t<\/div>\n\t\t\t\t<\/div>\n\t\t\t\t<div class=\"elementor-element elementor-element-76b2826 elementor-widget elementor-widget-text-editor\" data-id=\"76b2826\" data-element_type=\"widget\" data-widget_type=\"text-editor.default\">\n\t\t\t\t<div class=\"elementor-widget-container\">\n\t\t\t\t\t\t\t<p>Nous avons bien \u00e9volu\u00e9 face aux deux ann\u00e9es difficiles li\u00e9es \u00e0 la pand\u00e9mie. En 2020, nous avons non seulement maintenu notre trajectoire de croissance, mais \u00e9galement entam\u00e9 notre transformation d&#8217;une enseigne de restauration locale \u00e0 une marque en franchise avec un d\u00e9veloppement de march\u00e9 innovant. Notre prochain objectif est de renforcer la pr\u00e9sence de NBK sur son terrain r\u00e9gional, d&#8217;\u00e9tendre la cha\u00eene en France et en Europe et de commencer \u00e0 d\u00e9velopper de nouveaux concepts.<\/p><p>Nous pouvons faire encore plus ensemble. Rejoignez notre communaut\u00e9 nationale de franchis\u00e9s et faites du Cheese Naan (et votre histoire) avec NBK.<\/p>\t\t\t\t\t\t<\/div>\n\t\t\t\t<\/div>\n\t\t\t\t<\/div>\n\t\t<div class=\"elementor-element elementor-element-53256fe e-con-full e-flex wpr-particle-no wpr-jarallax-no wpr-parallax-no wpr-sticky-section-no e-con e-child\" data-id=\"53256fe\" data-element_type=\"container\" data-settings=\"{&quot;content_width&quot;:&quot;full&quot;}\">\n\t\t\t\t<div class=\"elementor-element elementor-element-dd0b66f eael-team-align-eael-team-align-default elementor-widget elementor-widget-eael-team-member\" data-id=\"dd0b66f\" data-element_type=\"widget\" data-widget_type=\"eael-team-member.default\">\n\t\t\t\t<div class=\"elementor-widget-container\">\n\t\t\t\n\n\t<div id=\"eael-team-member-dd0b66f\" class=\"eael-team-item eael-team-members-simple team-avatar-rounded\">\n\t\t<div class=\"eael-team-item-inner\">\n\t\t\t<div class=\"eael-team-image\">\n\t\t\t\t<figure>\n\t\t\t\t\t<img decoding=\"async\" src=\"https:\/\/franchise.nbkfrance.fr\/wp-content\/uploads\/2023\/10\/IMG_3278-1-scaled-e1697183796394.jpg\" alt=\"\">\n\t\t\t\t<\/figure>\n\t\t\t\t\n\t\t\t\t\n\t\t\t<\/div>\n\n\t\t\t<div class=\"eael-team-content\">\n\t\t\t\t<h3 class=\"eael-team-member-name\">Adel BOULAICH<\/h3>\n\t\t\t\t<h4 class=\"eael-team-member-position\">Pr\u00e9sident<\/h4>\n\n\t\t\t\t\t\t\t\t\t\t\t\t\t\t<p class=\"eael-team-text\"><\/p>\n\t\t\t\t\t\t\t<\/div>\n\t\t<\/div>\n\t<\/div>\n\t\t\t<\/div>\n\t\t\t\t<\/div>\n\t\t\t\t<\/div>\n\t\t\t\t\t<\/div>\n\t\t\t\t<\/div>\n\t\t<div class=\"elementor-element elementor-element-4881631 e-flex e-con-boxed wpr-particle-no wpr-jarallax-no wpr-parallax-no wpr-sticky-section-no e-con e-parent\" data-id=\"4881631\" data-element_type=\"container\" data-settings=\"{&quot;content_width&quot;:&quot;boxed&quot;}\" data-core-v316-plus=\"true\">\n\t\t\t\t\t<div class=\"e-con-inner\">\n\t\t\t\t<div class=\"elementor-element elementor-element-5e9eeb3 elementor-widget elementor-widget-text-editor\" data-id=\"5e9eeb3\" data-element_type=\"widget\" data-widget_type=\"text-editor.default\">\n\t\t\t\t<div class=\"elementor-widget-container\">\n\t\t\t\t\t\t\t<h2 style=\"text-align: center;\">LE MONDE EST PLEIN DE<\/h2><h2 style=\"text-align: center;\">BONNES FRANCHISES. <span style=\"color: #ffcc00;\">POURQUOI<\/span><\/h2><h2 style=\"text-align: center;\"><span style=\"color: #ffcc00;\"> NBK EST \u00c0 PART.<\/span><\/h2>\t\t\t\t\t\t<\/div>\n\t\t\t\t<\/div>\n\t\t\t\t<div class=\"elementor-element elementor-element-f1c75d1 wpr-feature-list-rhombus wpr-feature-list-left wpr-feature-list-line-yes elementor-widget elementor-widget-wpr-feature-list\" data-id=\"f1c75d1\" data-element_type=\"widget\" data-widget_type=\"wpr-feature-list.default\">\n\t\t\t\t<div class=\"elementor-widget-container\">\n\t\t\t<div class=\"wpr-feature-list-wrap\"><ul class=\"wpr-feature-list\"><li class=\"wpr-feature-list-item elementor-repeater-item-01784e1\"><div class=\"wpr-feature-list-icon-wrap\"><span class=\"wpr-feature-list-line\"><\/span><div class=\"wpr-feature-list-icon-inner-wrap\"><i aria-hidden=\"true\" class=\"far fa-thumbs-up\"><\/i><\/div><\/div><div class=\"wpr-feature-list-content-wrap\"><h2 class=\"wpr-feature-list-title\"><a class=\"wpr-feature-list-url\" target=\"_blank\" rel=\"nofollow\">De la restauration rapide ok, MAIS de qualit\u00e9.<\/a><\/h2><p class=\"wpr-feature-list-description\">Nous travaillons continuellement \u00e0 am\u00e9liorer la qualit\u00e9 de nos produits, tout en conservant un excellent rapport qualit\u00e9\/ prix. Actuellement 50% de notre menu est fait maison et le but d'ici 2 ans est d'arriver \u00e0 95%<\/p><\/div><\/li><li class=\"wpr-feature-list-item elementor-repeater-item-c4aa226\"><div class=\"wpr-feature-list-icon-wrap\"><span class=\"wpr-feature-list-line\"><\/span><div class=\"wpr-feature-list-icon-inner-wrap\"><i aria-hidden=\"true\" class=\"fas fa-lightbulb\"><\/i><\/div><\/div><div class=\"wpr-feature-list-content-wrap\"><h2 class=\"wpr-feature-list-title\"><a class=\"wpr-feature-list-url\" target=\"_blank\" rel=\"nofollow\">Go\u00fbt prononc\u00e9 pou\ufeffr la Food Tech.<\/a><\/h2><p class=\"wpr-feature-list-description\">De nombreuses marques ont du mal \u00e0 s'adapter \u00e0 la nouvelle r\u00e9alit\u00e9 ax\u00e9e sur le digital et la technologie. Notre \u00e9quipe interne s'assure que nos partenaires ne se laisseront pas distancer par la concurrence.<\/p><\/div><\/li><li class=\"wpr-feature-list-item elementor-repeater-item-984370b\"><div class=\"wpr-feature-list-icon-wrap\"><span class=\"wpr-feature-list-line\"><\/span><div class=\"wpr-feature-list-icon-inner-wrap\"><i aria-hidden=\"true\" class=\"far fa-comments\"><\/i><\/div><\/div><div class=\"wpr-feature-list-content-wrap\"><h2 class=\"wpr-feature-list-title\"><a class=\"wpr-feature-list-url\" target=\"_blank\" rel=\"nofollow\">Flexibilit\u00e9 !<\/a><\/h2><p class=\"wpr-feature-list-description\">Les grandes franchises \u00e9tablies depuis longue date peuvent \u00eatre inflexibles et difficiles \u00e0 raisonner. Nous \u00e9coutons nos partenaires et nos clients et adaptons soigneusement notre cha\u00eene d'approvisionnement et notre menu pour r\u00e9pondre au mieux aux go\u00fbts locaux. De plus, nous d\u00e9veloppons un mod\u00e8le hybride de restauration sur place et en livraison afin de trouver le meilleur produit adapt\u00e9 au march\u00e9 de chaque r\u00e9gion.<\/p><\/div><\/li><li class=\"wpr-feature-list-item elementor-repeater-item-b18005d\"><div class=\"wpr-feature-list-icon-wrap\"><span class=\"wpr-feature-list-line\"><\/span><div class=\"wpr-feature-list-icon-inner-wrap\"><i aria-hidden=\"true\" class=\"fas fa-book-open\"><\/i><\/div><\/div><div class=\"wpr-feature-list-content-wrap\"><h2 class=\"wpr-feature-list-title\"><a class=\"wpr-feature-list-url\" target=\"_blank\" rel=\"nofollow\">Engagement pour une transparence radicale.<\/a><\/h2><p class=\"wpr-feature-list-description\">Nous n'avons rien \u00e0 cacher : cam\u00e9ras dans les cuisines, ventes mensuelles\/ annuelles de chaque unit\u00e9 du r\u00e9seau, d\u00e9cisions de notre entreprise sur nos blogs, toutes ces informations sont publiques. La transparence nous oblige \u00e0 travailler dur et nous aide \u00e0 favoriser des partenariats durables avec nos franchis\u00e9s bas\u00e9s sur une approche gagnant-gagnant et une confiance mutuelle.<\/p><\/div><\/li><\/ul><\/div>\t\t<\/div>\n\t\t\t\t<\/div>\n\t\t\t\t<div class=\"elementor-element elementor-element-48e2626 elementor-widget elementor-widget-text-editor\" data-id=\"48e2626\" data-element_type=\"widget\" data-widget_type=\"text-editor.default\">\n\t\t\t\t<div class=\"elementor-widget-container\">\n\t\t\t\t\t\t\t<h2 style=\"text-align: center;\">B\u00c2TIMENT HISTORIQUE, BRUT DE B\u00c9TON<\/h2><h2 style=\"text-align: center;\">OU DARK KITCHEN : <span style=\"color: #ffcc00;\">LA R\u00c8GLE, C&#8217;EST LA FLEXIBILIT\u00c9<\/span>.<\/h2>\t\t\t\t\t\t<\/div>\n\t\t\t\t<\/div>\n\t\t\t\t<div class=\"elementor-element elementor-element-fffb86b elementor-widget elementor-widget-text-editor\" data-id=\"fffb86b\" data-element_type=\"widget\" data-widget_type=\"text-editor.default\">\n\t\t\t\t<div class=\"elementor-widget-container\">\n\t\t\t\t\t\t\t<p>Que se passe-t-il si vous souhaitez \u00e9voluer avec NBK mais que vous ne trouvez pas de bon local pour votre point de vente ? Que vous voulez limiter le risque de votre investissement en testant le march\u00e9 en premier lieu ? Pris dans ce genre d&#8217;impasse, nos partenaires lyonnais se sont lanc\u00e9s en Dark Kitchen. Et nous les avons aid\u00e9 \u00e0 le faire. Heureusement, NBK d\u00e9veloppe un portefeuille de formats qui peuvent \u00eatre facilement adapt\u00e9s aux march\u00e9s locaux selon les besoins.<\/p>\t\t\t\t\t\t<\/div>\n\t\t\t\t<\/div>\n\t\t\t\t<div class=\"elementor-element elementor-element-f80e8da elementor-widget elementor-widget-heading\" data-id=\"f80e8da\" data-element_type=\"widget\" data-widget_type=\"heading.default\">\n\t\t\t\t<div class=\"elementor-widget-container\">\n\t\t\t<style>\/*! elementor - v3.16.0 - 09-10-2023 *\/\n.elementor-heading-title{padding:0;margin:0;line-height:1}.elementor-widget-heading .elementor-heading-title[class*=elementor-size-]>a{color:inherit;font-size:inherit;line-height:inherit}.elementor-widget-heading .elementor-heading-title.elementor-size-small{font-size:15px}.elementor-widget-heading .elementor-heading-title.elementor-size-medium{font-size:19px}.elementor-widget-heading .elementor-heading-title.elementor-size-large{font-size:29px}.elementor-widget-heading .elementor-heading-title.elementor-size-xl{font-size:39px}.elementor-widget-heading .elementor-heading-title.elementor-size-xxl{font-size:59px}<\/style><h2 class=\"elementor-heading-title elementor-size-default\">DEVENEZ FRANCHIS\u00c9(E)S\nNBK SUR VOTRE MARCH\u00c9<\/h2>\t\t<\/div>\n\t\t\t\t<\/div>\n\t\t<div class=\"elementor-element elementor-element-7e64cf7 e-flex e-con-boxed wpr-particle-no wpr-jarallax-no wpr-parallax-no wpr-sticky-section-no e-con e-child\" data-id=\"7e64cf7\" data-element_type=\"container\" data-settings=\"{&quot;content_width&quot;:&quot;boxed&quot;}\">\n\t\t\t\t\t<div class=\"e-con-inner\">\n\t\t\t\t<div class=\"elementor-element elementor-element-afc6c9e eael-wpforms-labels-yes eael-wpforms-form-button-custom elementor-widget elementor-widget-eael-wpforms\" data-id=\"afc6c9e\" data-element_type=\"widget\" data-widget_type=\"eael-wpforms.default\">\n\t\t\t\t<div class=\"elementor-widget-container\">\n\t\t\t            <div class=\"eael-contact-form eael-wpforms eael-contact-form-align-default\">\n                                <div class=\"wpforms-container wpforms-container-full wpforms-render-modern\" id=\"wpforms-118\"><form id=\"wpforms-form-118\" class=\"wpforms-validate wpforms-form wpforms-ajax-form\" data-formid=\"118\" method=\"post\" enctype=\"multipart\/form-data\" action=\"\/index.php\/wp-json\/wp\/v2\/pages\/160\" data-token=\"5c3a8af69e158d008ee9d6b17beedd89\"><div class=\"wpforms-head-container\"><div class=\"wpforms-title\">Contact<\/div><\/div><noscript class=\"wpforms-error-noscript\">Please enable JavaScript in your browser to complete this form.<\/noscript><div class=\"wpforms-hidden\" id=\"wpforms-error-noscript\">Please enable JavaScript in your browser to complete this form.<\/div><div class=\"wpforms-field-container\"><div id=\"wpforms-118-field_3-container\" class=\"wpforms-field wpforms-field-name\" data-field-id=\"3\"><fieldset><legend class=\"wpforms-field-label\">Nom <span class=\"wpforms-required-label\" aria-hidden=\"true\">*<\/span><\/legend><div class=\"wpforms-field-row wpforms-field-medium\"><div class=\"wpforms-field-row-block wpforms-first wpforms-one-half\"><input type=\"text\" id=\"wpforms-118-field_3\" class=\"wpforms-field-name-first wpforms-field-required\" name=\"wpforms[fields][3][first]\" aria-errormessage=\"wpforms-118-field_3-error\" required><label for=\"wpforms-118-field_3\" class=\"wpforms-field-sublabel after \">First<\/label><\/div><div class=\"wpforms-field-row-block wpforms-one-half\"><input type=\"text\" id=\"wpforms-118-field_3-last\" class=\"wpforms-field-name-last wpforms-field-required\" name=\"wpforms[fields][3][last]\" aria-errormessage=\"wpforms-118-field_3-last-error\" required><label for=\"wpforms-118-field_3-last\" class=\"wpforms-field-sublabel after \">Last<\/label><\/div><\/div><\/fieldset><\/div><div id=\"wpforms-118-field_4-container\" class=\"wpforms-field wpforms-field-email\" data-field-id=\"4\"><label class=\"wpforms-field-label\" for=\"wpforms-118-field_4\">E-mail <span class=\"wpforms-required-label\" aria-hidden=\"true\">*<\/span><\/label><input type=\"email\" id=\"wpforms-118-field_4\" class=\"wpforms-field-medium wpforms-field-required\" name=\"wpforms[fields][4]\" spellcheck=\"false\" aria-errormessage=\"wpforms-118-field_4-error\" required><\/div><div id=\"wpforms-118-field_5-container\" class=\"wpforms-field wpforms-field-number\" data-field-id=\"5\"><label class=\"wpforms-field-label\" for=\"wpforms-118-field_5\">Num\u00e9ro de t\u00e9l\u00e9phone <span class=\"wpforms-required-label\" aria-hidden=\"true\">*<\/span><\/label><input type=\"number\" pattern=\"\\d*\" id=\"wpforms-118-field_5\" class=\"wpforms-field-small wpforms-field-required\" name=\"wpforms[fields][5]\" aria-errormessage=\"wpforms-118-field_5-error\" required><\/div><div id=\"wpforms-118-field_6-container\" class=\"wpforms-field wpforms-field-textarea\" data-field-id=\"6\"><label class=\"wpforms-field-label\" for=\"wpforms-118-field_6\">D\u00e9crivez nous votre projet : <span class=\"wpforms-required-label\" aria-hidden=\"true\">*<\/span><\/label><textarea id=\"wpforms-118-field_6\" class=\"wpforms-field-medium wpforms-field-required\" name=\"wpforms[fields][6]\" aria-errormessage=\"wpforms-118-field_6-error\" required><\/textarea><\/div><div id=\"wpforms-118-field_7-container\" class=\"wpforms-field wpforms-field-select wpforms-field-select-style-classic\" data-field-id=\"7\"><label class=\"wpforms-field-label\" for=\"wpforms-118-field_7\">Quel est votre apport ? <span class=\"wpforms-required-label\" aria-hidden=\"true\">*<\/span><\/label><select id=\"wpforms-118-field_7\" class=\"wpforms-field-medium wpforms-field-required\" name=\"wpforms[fields][7]\" required=\"required\"><option value=\"10 - 20 K\u20ac\" >10 - 20 K\u20ac<\/option><option value=\"20 - 30 K\u20ac\" >20 - 30 K\u20ac<\/option><option value=\"30 - 40 K\u20ac\" >30 - 40 K\u20ac<\/option><option value=\"40 - 60 K\u20ac\" >40 - 60 K\u20ac<\/option><option value=\"+60 k\u20ac\" >+60 k\u20ac<\/option><\/select><\/div><div id=\"wpforms-118-field_8-container\" class=\"wpforms-field wpforms-field-radio\" data-field-id=\"8\"><fieldset><legend class=\"wpforms-field-label\">Avez vous une exp\u00e9rience entrepreneuriale ?  <span class=\"wpforms-required-label\" aria-hidden=\"true\">*<\/span><\/legend><ul id=\"wpforms-118-field_8\" class=\"wpforms-field-required\"><li class=\"choice-1 depth-1\"><input type=\"radio\" id=\"wpforms-118-field_8_1\" name=\"wpforms[fields][8]\" value=\"Oui\" aria-errormessage=\"wpforms-118-field_8_1-error\" required ><label class=\"wpforms-field-label-inline\" for=\"wpforms-118-field_8_1\">Oui<\/label><\/li><li class=\"choice-2 depth-1\"><input type=\"radio\" id=\"wpforms-118-field_8_2\" name=\"wpforms[fields][8]\" value=\"Non\" aria-errormessage=\"wpforms-118-field_8_2-error\" required ><label class=\"wpforms-field-label-inline\" for=\"wpforms-118-field_8_2\">Non<\/label><\/li><\/ul><\/fieldset><\/div><div id=\"wpforms-118-field_9-container\" class=\"wpforms-field wpforms-field-radio\" data-field-id=\"9\"><fieldset><legend class=\"wpforms-field-label\">Avez vous une exp\u00e9rience en restauration ?  <span class=\"wpforms-required-label\" aria-hidden=\"true\">*<\/span><\/legend><ul id=\"wpforms-118-field_9\" class=\"wpforms-field-required\"><li class=\"choice-1 depth-1\"><input type=\"radio\" id=\"wpforms-118-field_9_1\" name=\"wpforms[fields][9]\" value=\"Oui\" aria-errormessage=\"wpforms-118-field_9_1-error\" required ><label class=\"wpforms-field-label-inline\" for=\"wpforms-118-field_9_1\">Oui<\/label><\/li><li class=\"choice-2 depth-1\"><input type=\"radio\" id=\"wpforms-118-field_9_2\" name=\"wpforms[fields][9]\" value=\"Non\" aria-errormessage=\"wpforms-118-field_9_2-error\" required ><label class=\"wpforms-field-label-inline\" for=\"wpforms-118-field_9_2\">Non<\/label><\/li><\/ul><\/fieldset><\/div><div id=\"wpforms-118-field_10-container\" class=\"wpforms-field wpforms-field-radio\" data-field-id=\"10\"><fieldset><legend class=\"wpforms-field-label\">Avez vous une exp\u00e9rience en gestion de soci\u00e9t\u00e9 ? <span class=\"wpforms-required-label\" aria-hidden=\"true\">*<\/span><\/legend><ul id=\"wpforms-118-field_10\" class=\"wpforms-field-required\"><li class=\"choice-1 depth-1\"><input type=\"radio\" id=\"wpforms-118-field_10_1\" name=\"wpforms[fields][10]\" value=\"Oui\" aria-errormessage=\"wpforms-118-field_10_1-error\" required ><label class=\"wpforms-field-label-inline\" for=\"wpforms-118-field_10_1\">Oui<\/label><\/li><li class=\"choice-2 depth-1\"><input type=\"radio\" id=\"wpforms-118-field_10_2\" name=\"wpforms[fields][10]\" value=\"Non\" aria-errormessage=\"wpforms-118-field_10_2-error\" required ><label class=\"wpforms-field-label-inline\" for=\"wpforms-118-field_10_2\">Non<\/label><\/li><\/ul><\/fieldset><\/div><\/div><!-- .wpforms-field-container --><div class=\"wpforms-submit-container\" ><input type=\"hidden\" name=\"wpforms[id]\" value=\"118\"><input type=\"hidden\" name=\"wpforms[author]\" value=\"1\"><button type=\"submit\" name=\"wpforms[submit]\" id=\"wpforms-submit-118\" class=\"wpforms-submit\" data-alt-text=\"Envoi...\" data-submit-text=\"Envoyer\" aria-live=\"assertive\" value=\"wpforms-submit\">Envoyer<\/button><img decoding=\"async\" loading=\"lazy\" src=\"https:\/\/franchise.nbkfrance.fr\/wp-content\/plugins\/wpforms-lite\/assets\/images\/submit-spin.svg\" class=\"wpforms-submit-spinner\" style=\"display: none;\" width=\"26\" height=\"26\" alt=\"Loading\"><\/div><\/form><\/div>  <!-- .wpforms-container -->            <\/div>\n\t\t<\/div>\n\t\t\t\t<\/div>\n\t\t\t\t\t<\/div>\n\t\t\t\t<\/div>\n\t\t\t\t\t<\/div>\n\t\t\t\t<\/div>\n\t\t\t\t\t\t\t<\/div>\n\t\t","protected":false},"excerpt":{"rendered":"<p>Ensemble cr\u00e9ons la Naanerie\u00ae de demain ! Nous avons bien \u00e9volu\u00e9 face aux deux ann\u00e9es difficiles li\u00e9es \u00e0 la pand\u00e9mie. En 2020, nous avons non seulement maintenu notre trajectoire de croissance, mais \u00e9galement entam\u00e9 notre transformation d&#8217;une enseigne de restauration locale \u00e0 une marque en franchise avec un d\u00e9veloppement de march\u00e9 innovant. Notre prochain objectif &hellip;<\/p>\n<p class=\"read-more\"> <a class=\"\" href=\"https:\/\/franchise.nbkfrance.fr\/index.php\/franchise\/\"> <span class=\"screen-reader-text\">Franchise<\/span> Read More &raquo;<\/a><\/p>\n","protected":false},"author":1,"featured_media":0,"parent":0,"menu_order":0,"comment_status":"closed","ping_status":"closed","template":"","meta":{"site-sidebar-layout":"no-sidebar","site-content-layout":"","ast-site-content-layout":"full-width-container","site-content-style":"default","site-sidebar-style":"default","ast-global-header-display":"","ast-banner-title-visibility":"","ast-main-header-display":"","ast-hfb-above-header-display":"","ast-hfb-below-header-display":"","ast-hfb-mobile-header-display":"","site-post-title":"disabled","ast-breadcrumbs-content":"","ast-featured-img":"disabled","footer-sml-layout":"","theme-transparent-header-meta":"","adv-header-id-meta":"","stick-header-meta":"","header-above-stick-meta":"","header-main-stick-meta":"","header-below-stick-meta":"","astra-migrate-meta-layouts":"","footnotes":""},"_links":{"self":[{"href":"https:\/\/franchise.nbkfrance.fr\/index.php\/wp-json\/wp\/v2\/pages\/160"}],"collection":[{"href":"https:\/\/franchise.nbkfrance.fr\/index.php\/wp-json\/wp\/v2\/pages"}],"about":[{"href":"https:\/\/franchise.nbkfrance.fr\/index.php\/wp-json\/wp\/v2\/types\/page"}],"author":[{"embeddable":true,"href":"https:\/\/franchise.nbkfrance.fr\/index.php\/wp-json\/wp\/v2\/users\/1"}],"replies":[{"embeddable":true,"href":"https:\/\/franchise.nbkfrance.fr\/index.php\/wp-json\/wp\/v2\/comments?post=160"}],"version-history":[{"count":4,"href":"https:\/\/franchise.nbkfrance.fr\/index.php\/wp-json\/wp\/v2\/pages\/160\/revisions"}],"predecessor-version":[{"id":170,"href":"https:\/\/franchise.nbkfrance.fr\/index.php\/wp-json\/wp\/v2\/pages\/160\/revisions\/170"}],"wp:attachment":[{"href":"https:\/\/franchise.nbkfrance.fr\/index.php\/wp-json\/wp\/v2\/media?parent=160"}],"curies":[{"name":"wp","href":"https:\/\/api.w.org\/{rel}","templated":true}]}}